c(k).
7
Let t be (3/6)/(2/(-24)). List the prime factors of 4/t + 38/3.
2, 3
Let l = -6 - -10. Suppose 5*i - l*g = 20 - 2, g - 15 = -2*i. Suppose q = 2*q - i. List the prime factors of q.
2, 3
Let u(c) = -2 + 11*c - 5*c + 1. Let b(j) = -3*j - 18. Let k be b(-7). What are the prime factors of u(k)?
17
Let r(m) = 2*m + 3. Let q be r(7). Suppose 0*c - q = -2*x - c, 20 = 4*c. Suppose -5*v + 56 = x. List the prime factors of v.
2, 5
Suppose 0 = 2*l - 7*l + 30. What are the prime factors of l?
2, 3
Let v(k) = -k - 1. Let u be v(-7). Let t = u - 0. Suppose -t*l - 65 = -11*l. What are the prime factors of l?
13
Let b(j) = 9*j**2 + 10*j + 7. Let q(r) = -5*r**2 - 5*r - 4. Let w(u) = 6*b(u) + 11*q(u). What are the prime factors of w(4)?
2
Let q(b) = b**2 + b - 1. Let a(m) = 2*m - 5. Let g be a(4). List the prime factors of q(g).
11
Suppose -4*w = 20, k = -3*w - 0*w - 11. Let r = 8 - k. List the prime factors of r.
2
Let m be 0 + (0 + 0)/3. Suppose 5*r - 10 = m, -r + 59 = 3*o + 21. List the prime factors of o.
2, 3
Let z(o) = o**2 - 5*o + 2. Let w be z(5). Let f(m) = 2*m**2 + 3*m - 3. What are the prime factors of f(w)?
11
Suppose -3*p + 160 = 2*p. Let x be (3/(-2))/((-4)/p). Let v = x + -7. What are the prime factors of v?
5
Let m = -192 + 352. What are the prime factors of m?
2, 5
Let s(a) = -a**3 - 7*a**2 + 6*a - 10. Let b be (-5)/(5/2) + -6. Let f be s(b). Suppose -5*w + f = -3*w. What are the prime factors of w?
3
Suppose -18 = 3*j - j. Let l = 19 + j. Suppose -5*u - 3*n = -80, 3*u - l = 4*n + 9. List the prime factors of u.
13
Let s(p) = 4*p + 7 + p**2 + 6*p - 4*p. Let g be s(-5). Suppose 4*v + 12 = 0, -v + 4 = g*m + 3*v. List the prime factors of m.
2
Let k(p) = 35*p + 42. What are the prime factors of k(6)?
2, 3, 7
List the prime factors of (-184)/(-4 + 0)*1.
2, 23
Suppose -3 = 2*g - 5*r, 0 = 2*g - 3*r - r + 2. Let k be (g - -3)*1/2. What are the prime factors of (1 + k)/((-6)/(-26))?
13
Suppose 0 = -6*r + r - 30. Let n = -1 - r. List the prime factors of n.
5
Let l = -11 + 15. Let q = 10 - 8. Let b = l - q. What are the prime factors of b?
2
Let v(o) = -3*o - 2 + 2*o - 4 + 3*o. Let t = -13 + 19. List the prime factors of v(t).
2, 3
Let r be (3/(-1) - -3) + 3. Suppose -5*v - 7 = -r*g, 5*g - 22 = -4*v + 2*v. What are the prime factors of g?
2
Let z(o) = -o**3 + 8*o**2 + 11*o - 16. What are the prime factors of z(7)?
2, 5, 11
Let f(d) = -3*d**3. Let k = -4 - -2. Let i = 1 + k. List the prime factors of f(i).
3
Let a = 0 - -12. Suppose -h = 3*h - a. List the prime factors of h.
3
Suppose 2*r = -5*d + 170, 0 = r - 2*d - 87 - 16. What are the prime factors of r?
5, 19
Let m(q) = -q + 25. Let a be m(14). Let p = -1 + a. Let f = p + -5. What are the prime factors of f?
5
Let q = 157 - 134. What are the prime factors of q?
23
List the prime factors of (-150)/(-4) + (-3)/6.
37
Let o(t) be the third derivative of t**5/15 + t**4/8 + t**3/6 + 2*t**2. Let i be o(-3). Suppose 0 = q + q - i. What are the prime factors of q?
2, 7
Let z = 332 + -161. List the prime factors of z.
3, 19
Let s be (-2 + 60/9)*3. Suppose -s - 11 = -5*p. List the prime factors of p.
5
Let k(y) = 6*y. Let m be k(5). Suppose -w + 6*w = -m. Let g = -2 - w. What are the prime factors of g?
2
Suppose 0 = -o - 9 + 36. Suppose -2*y + o = -19. What are the prime factors of y?
23
Let p be ((-3)/(-2))/3*4. Suppose p*i = -3*l + 27, 3*l = -4*i + 16 + 5. List the prime factors of l.
11
Let t = -86 + 352. List the prime factors of t.
2, 7, 19
Suppose 24*l - 25*l + 107 = 0. List the prime factors of l.
107
Let u(p) = -p**3 - 5*p**2 - p - 3. Let i be u(-5). Suppose -4*g = i*x - 8, 5 + 5 = 5*g - x. Suppose -4*w + g = -66. What are the prime factors of w?
17
Suppose 5*k - 5 = 5*p, -1 = -4*k + 3*p - 2. Suppose -7 = -3*m + b, -3*m + 10 + 0 = -4*b. List the prime factors of 10 + k - (m - 1).
5
Suppose s - 141 = -3*m, 3*m - s = -m + 188. Suppose 21 = 4*l - m. List the prime factors of l.
17
Suppose 150 = -h + 4*h. Let r = -34 + h. List the prime factors of r.
2
Let z(t) = -t**2 + 6*t - 3. Suppose 0 = 3*u - 2*r - 2, 0*u - 2*u - 7 = -3*r. What are the prime factors of z(u)?
5
List the prime factors of 68/14*14/2.
2, 17
Let u = 35 + -19. What are the prime factors of u?
2
Let u be (-1 - -2)/((-1)/(-3)). Suppose -j = -2*k - 2*k + 22, -k - j + u = 0. What are the prime factors of k?
5
Let s(j) = j**2 + 7*j - 1. Let t be s(-8). Let p = t + -7. Suppose p = -x - x + 6. What are the prime factors of x?
3
Suppose -4*q + d + 215 = -379, 3*d = 2*q - 302. What are the prime factors of q?
2, 37
Suppose 15 = -3*g + 3. Suppose 0 = 3*d - 4*f - 22, d = -f + 3 + 2. What are the prime factors of (1 + g)/(d/(-16))?
2
Let s be (3/(-2))/((-9)/(-12)). Let k be (3/s)/((-5)/20). Let m = k - 4. What are the prime factors of m?
2
Let w be (-1)/(-1)*-1*1. Let z(g) = 13*g**2 - 1. List the prime factors of z(w).
2, 3
Let k be (-22 + 16)/((-2)/4). Let c = 50 + -26. Let o = c - k. List the prime factors of o.
2, 3
Let k(r) = -10*r + 10. What are the prime factors of k(-7)?
2, 5
Suppose 0 = -4*w - 5*v + 15, -4*w + 3*v + 3 = -20. Let a = 10 - w. What are the prime factors of a?
5
Let r(u) = 5*u**3 - 9*u**2 - 16*u - 22. Let o(t) = 4*t**3 - 10*t**2 - 15*t - 21. Let z(k) = 4*o(k) - 3*r(k). List the prime factors of z(14).
2, 5
Let f(x) = x**3 + 8*x**2 + 6*x - 5. Let o be f(-7). Let p = 13 + o. What are the prime factors of p?
3, 5
Let n = 112 - 61. Let p = -28 - 7. Let f = p + n. What are the prime factors of f?
2
Let i = -5 - -2. What are the prime factors of i*(16/(-3) + 2)?
2, 5
Let i(w) = w**2 - 5*w - 3. List the prime factors of i(13).
101
Let k be -1 + 4 + -2 - -2. Suppose -k*m = -h + m + 4, -4*m + 4 = h. Suppose 16 = 4*f + 2*q, 0 = -3*f - h*q + 18 - 1. List the prime factors of f.
3
Let h(k) = k**3 + 6*k**2 - 4*k + 5. Suppose 30 = -5*r - 0*r. List the prime factors of h(r).
29
Let c = -7 - 0. List the prime factors of (c/2)/((-1)/2).
7
Let h be 1510/(-40) - (-2)/(-8). Let o = h + 68. What are the prime factors of o?
2, 3, 5
Suppose -142 = -6*m + 608. What are the prime factors of m?
5
Suppose 2*g - 7 = 3*x, g + 13 = -5*x + x. What are the prime factors of x/6 - 71/(-2)?
5, 7
Suppose -5*f = b - 23, -4*f + 10 = -4*b + 2*b. Suppose -3*k - 2 = 4*r, k - 15 = -f*k - 3*r. What are the prime factors of k?
2, 3
Let n(y) = -3*y + 6. Let l(d) be the first derivative of 7*d**2/2 - 12*d + 3. Let h(w) = 4*l(w) + 9*n(w). What are the prime factors of h(5)?
11
Suppose i - 4*i + 66 = 0. What are the prime factors of i?
2, 11
Let a = 26 + -33. Let v(b) be the third derivative of b**6/120 + b**5/10 - 3*b**4/8 - b**3 + b**2. What are the prime factors of v(a)?
2
Suppose 0 = -3*f + 33 - 3. List the prime factors of f.
2, 5
Let u(f) = 0*f**2 + 4*f - f**2 - 1 - 2*f. Let m be u(1). Suppose -4*o + 3*x = -m*o - 37, -5*o + 51 = x. What are the prime factors of o?
2, 5
Suppose -20 = 2*v - 7*v. Suppose 0 = 4*o - 4*m - 80, -5 = -5*o + v*o - 2*m. List the prime factors of o.
3, 5
Let m(h) = h - 2. Let v be m(-4). What are the prime factors of -27*(2/v + 0)?
3
Let y = 6 + -6. Suppose -w + 3*t + 1 = y, -4*w + 1 = 2*t - 3. What are the prime factors of 5 + (-2 + w)*0?
5
Let t = -3 - -2. List the prime factors of (t - (-3)/1)*2.
2
Let f(r) = -31*r + 3. What are the prime factors of f(-1)?
2, 17
Let o = 89 + -48. What are the prime factors of o?
41
Let s be (-1)/4 + 388/16. What are the prime factors of (s/15)/((-2)/(-15))?
2, 3
Let w = 6 - 2. Suppose 0 = 2*i + 3*f - 19, 3*f = 2*i + 1 - 2. Suppose 0 = 3*q - i - w. What are the prime factors of q?
3
Suppose -23 = -2*x - 5. Let p = x - 2. Suppose p*z - 80 = 2*z. What are the prime factors of z?
2
Let a be (2 - 2)*2/(-4). Suppose a = 4*u + u - 70. What are the prime factors of u?
2, 7
Let j(o) = -6*o - 1. Let k be j(-1). Suppose n + 9 = 5*l, 3*n - k*l - 9 = 4. List the prime factors of n.
11
Let d = 222 + -172. What are the prime factors of d?
2, 5
Suppose 2*h = 7*h + 30. Let q(c) be the second derivative of c**4/12 + 2*c**3/3 - 3*c**2 - 2*c. List the prime factors of q(h).
2, 3
Let n(j) = -3 + 2*j - 4*j**2 + 1 - 1 + 5*j**2. What are the prime factors of n(-5)?
2, 3
Let z(l) be the second derivative of l**6/360 - l**5/30 + 5*l**4/24 - l**3/6 + l. Let i(t) be the second derivative of z(t). List the prime factors of i(5).
2